hen 1 + (-22)/k + -2 is divided by a?
5
Suppose -5*c - 25 = r - 0*r, 4*r = -2*c - 46. Let v = -3 - r. What is the remainder when 20 is divided by v?
6
Let k(v) = -5*v - 2. What is the remainder when 71 is divided by k(-4)?
17
Let t(g) = -16*g + 6. Let a be t(4). What is the remainder when (a/3)/(4/(-6)) is divided by ((-15)/(-4))/(3/8)?
9
Let v(p) = 2*p - 9. Let o be v(6). Let u(f) = f**2 - 6*f + 8. Let n be u(7). Suppose 0 = -o*z + n. Calculate the remainder when 9 is divided by z.
4
Let f(x) = x. Let m be f(3). Suppose -m*b + 40 = 2*b. What is the remainder when b is divided by 5?
3
Let v = -127 + 202. What is the remainder when v is divided by 26?
23
Let w = -288 - -525. What is the remainder when w is divided by 24?
21
Suppose l = 7*l - 1068. Calculate the remainder when l is divided by 36.
34
Suppose -5*d + 0*d = -55. What is the remainder when (-3 - -45) + (-1)/5*0 is divided by d?
9
Let t = 28 - 11. Suppose 205 = 4*q - 4*z + 3*z, -4*q - 4*z = -180. What is the remainder when q is divided by t?
16
Suppose 4*s + 4*w - w = 55, -4*s = -4*w - 48. Let v = s + -6. Calculate the remainder when 19 is divided by v.
5
Let n be 2 - 3/(-6)*0. Suppose -s + 1 + 20 = v, -50 = -n*s - 4*v. Calculate the remainder when s is divided by 9.
8
Suppose -y - 4*y + 3*f + 53 = 0, -4*y = 2*f - 38. What is the remainder when 38 is divided by y?
8
Let r(k) = -k**3 + 8*k**2 - 5*k - 5. Let f be r(7). Let s = f - 7. Suppose -s*y + 11 = -3*c, 5*y - 45 = c + 3*c. What is the remainder when 36 is divided by y?
10
Let p = 21 + -10. Suppose u - 26 = p. Calculate the remainder when u is divided by 13.
11
Let b be (8/6)/(2/6). Suppose -2 - b = -3*q + v, -q + 5*v - 12 = 0. Calculate the remainder when 1/(-3) + 7/q is divided by 1.
0
Suppose 0 = 3*q - 4*q + 11. What is the remainder when (-4)/18 + 816/27 is divided by q?
8
Suppose -1 = 3*t - 4. Let k = 5 - t. Calculate the remainder when 10 is divided by k.
2
Let n(d) = -59*d - 3. Let t be n(-2). Let s(z) = z**2 + z - 1. What is the remainder when s(3) is divided by (-1)/(-6) - t/(-30)?
3
Suppose -5*j - 2*g + 111 = 0, -5*g = -g - 12. Let f be (j/(-12) + 0)*-4. Calculate the remainder when 2/f - (-26)/7 is divided by 2.
0
Let t(n) = -n**2 - 10*n + 22. What is the remainder when 41 is divided by t(-11)?
8
Let r = 10 + -8. What is the remainder when 42 is divided by r/4*6 + 8?
9
Let t = 42 - 26. Suppose 0 = -8*v + 3*v. Suppose v = j - 5*j + t. Calculate the remainder when 7 is divided by j.
3
Let r = 78 - 59. What is the remainder when 246 is divided by r?
18
Let z(l) = l**3 + 8*l**2 - 10*l. What is the remainder when 33 is divided by z(-9)?
6
Suppose -n = -2*n - 4. What is the remainder when n/10 - (-1185)/25 is divided by 16?
15
Let n(i) = 13*i + 1. Let z(c) = 7*c. Let y be (-4)/(-10) + (-46)/(-10). Let t(m) = y*z(m) - 3*n(m). Calculate the remainder when 17 is divided by t(-2).
2
What is the remainder when 3*(2 + -3)*-15 is divided by 24?
21
Calculate the remainder when 159 is divided by 2/14 - 278/(-14).
19
Suppose 0 = 3*o - 0 - 9. Suppose -3*r = -3*l - 48, 4*r - o*l = -r + 74. Calculate the remainder when r is divided by 4.
1
Let n be (-5 + 6)*(3 + -1). Suppose -4*j = n*j - 114. Calculate the remainder when 74 is divided by j.
17
What is the remainder when 470/8 - (-25)/100 is divided by 15?
14
Let j = -21 - -27. What is the remainder when 22 is divided by j?
4
Let l(o) = 11*o - 22. Suppose 3*x = f + 3, -2*x - 7 - 17 = -5*f. What is the remainder when l(4) is divided by f?
4
Suppose -3*h = -h - 94. Calculate the remainder when h is divided by 25.
22
Let u(c) = -8*c - 3. What is the remainder when u(-11) is divided by 22?
19
Let c = -1 + 29. Let s(u) = -3*u - 6. Let x be s(-6). Suppose x = t - 2*v, 0 = t - 2*t + 3*v + 13. Calculate the remainder when c is divided by t.
8
Let c(s) = s. Let i be c(-2). What is the remainder when 33 is divided by (-37)/(-2) - (-1)/i?
15
Suppose 3*h - 2*c - 92 = 0, -3*h + 3*c + 63 = -24. Let t(z) = -2*z**3 - 2*z**2 - 2*z. What is the remainder when h is divided by t(-2)?
10
Let p = 6 - 4. Let c(z) = -4 + 2*z**2 - 5*z**p + 7*z - z**3 - z**2 - 3*z**2. What is the remainder when c(-8) is divided by 2?
0
Suppose -1 = -o - 5*p + 29, -20 = -3*o - p. Suppose -3*a + 20 = -a + 2*t, t = o*a - 50. Let y = -5 - -11. What is the remainder when a is divided by y?
4
Let b be (5/3)/((-6)/(-18)). Suppose -2*j = 3*j + b. Calculate the remainder when 12 is divided by (j + 45/3)/2.
5
Let k(t) = -t**2 + 7*t + 6. Calculate the remainder when 21 is divided by k(7).
3
Let k(a) = -a**3 - 9*a**2 - 8*a + 5. Let d(f) = -f**3 - 3*f**2 + 7*f - 1. What is the remainder when d(-5) is divided by k(-8)?
4
Let d(x) = -x - 12. Let s be d(9). Let h = s - -37. What is the remainder when 47 is divided by h?
15
Suppose -3*n + 6*n = 207. Calculate the remainder when n is divided by 35.
34
Suppose -9 = -r - 2*r. Calculate the remainder when 3 is divided by r.
0
Suppose 4*m - 2 - 8 = -2*r, -5*r = -4*m + 45. Calculate the remainder when 23 is divided by m.
3
Suppose -d = 4*v - 22, -d - 4*v + 22 = -v. What is the remainder when 40 is divided by d?
18
Let o(w) = -18*w. Let m be o(-2). Suppose 3*t - 8*t = -i + 16, 0 = i + 5*t - m. Calculate the remainder when i is divided by 9.
8
Suppose -5*a + 2 = g, 3*g - 2 = -4*a - 7. Let y(p) = 34*p + 1. What is the remainder when y(a) is divided by 19?
16
Suppose -2*l - 2*l - 65 = -3*j, 0 = -5*j - 4*l + 87. Let o be 2*(-3)/((-6)/j). Let q = 27 - o. What is the remainder when q is divided by 5?
3
Suppose -13*s + 20 = -9*s. What is the remainder when 18 is divided by s?
3
Suppose 158 = 12*o - 538. What is the remainder when o is divided by 15?
13
Let c = 38 - 32. Calculate the remainder when 28 is divided by c.
4
Let m = 44 - 29. Let a(q) = 30*q. Let j be a(-1). Calculate the remainder when 0 + -2*1 - j is divided by m.
13
Suppose 2*k - 230 = -4*d, -404 = -5*k - d + 162. Calculate the remainder when k is divided by 29.
26
Suppose 6*w - 10*w = -64. Calculate the remainder when 44 is divided by w.
12
Let w = 19 + -29. Let d be 10/4*(-8)/w. Suppose -12 = d*p - 46. Calculate the remainder when 49 is divided by p.
15
Suppose 0 = 2*w - 24 + 10. Calculate the remainder when 31 is divided by w.
3
Suppose -16*d + 2197 = -91. Calculate the remainder when d is divided by 48.
47
Suppose 0 = 2*j, 5*j - 4*j = -4*a + 12. Suppose -4*k + 73 = -23. Suppose -a*g = -g - k. What is the remainder when 22 is divided by g?
10
Suppose 0 = 6*a - 2*a - 5*g - 100, -g = 2*a - 64. What is the remainder when a is divided by 18?
12
Suppose 5*t = 5*a - 70, 3*t = 2*a - a - 6. Suppose -385 = -57*j - 20*j. Calculate the remainder when a is divided by j.
3
Let u(l) = l**2 + 7. Calculate the remainder when u(-5) is divided by 11.
10
Let g be (-171)/(-6) - (-1)/(-2). Let l = g + -17. Calculate the remainder when 20 is divided by l.
9
Let b(v) = 2 + 2*v**2 + v**3 + 0*v**2 - 3*v + 3*v**2 - 7. What is the remainder when 18 is divided by b(-5)?
8
Let m(y) = y**3 + 8*y**2 - 2*y - 10. Let p be m(-8). Let u = -36 - -51. What is the remainder when u is divided by (4/(-10))/(p/(-120))?
7
Suppose 0 = -x - 4*f + 18, x + 2*x - 26 = -5*f. Let g = 9 - 6. Suppose -4*p + 2 = -g*w + 15, -3*p = -4*w + 15. Calculate the remainder when w is divided by x.
1
Let z = -26 - 56. Let a = z - -137. What is the remainder when a is divided by 19?
17
Suppose -4*a - 51 = -5*m - 2*a, 4*m - 39 = a. Calculate the remainder when m is divided by 6.
3
Suppose n + 29 = 5. Let q = n + 47. Suppose 2*m - 1 = q. What is the remainder when 22 is divided by m?
10
Suppose -3*o - 5*r + 49 = 0, -r = r - 10. Suppose -x + 11 = 2*b, 0*x - x - b + o = 0. Calculate the remainder when x is divided by 2.
1
Let l(v) = -v**3 + 2*v**2 - 2*v + 3. Let h be l(2). Calculate the remainder when (-52)/2*h/2 is divided by 7.
6
Let v = 3 - -2. Suppose 6*n = n + 210. Suppose -3*a + n = -v*o, -4*a + 4*o + o + 56 = 0. Calculate the remainder when a is divided by 4.
2
What is the remainder when 33 is divided by (-4)/(-14) - (-328)/28?
9
Let w(z) = 3*z + 25. Suppose -12 = l - 4*l. Let j = 6 - l. Calculate the remainder when j is divided by w(-8).
0
Suppose 0 = 2*z - 4 - 2. Let v(p) = -p**2 + p**3 + 2*p**z - 2*p**3 - p**2 + 3*p. Calculate the remainder when v(4) is divided by 23.
21
Let v = 69 + 3. Calculate th